of 1 and n?
1
Let w(f) = 6*f - 1. Let g be w(1). Suppose c - 2*q = 56, g*c - q - q = 320. Calculate the greatest common divisor of 6 and c.
6
Let h be 5960/4 + 5/(-15)*6. What is the greatest common divisor of 279 and h?
93
Suppose w + 385 = 2*w. Let f(b) = -65*b - 660. Let n be f(-11). Calculate the highest common factor of w and n.
55
Let y(k) be the third derivative of k**6/120 + k**5/15 + k**4/24 + 18*k**2. Let o be y(-2). Calculate the greatest common factor of o and 9.
3
Suppose 19*m = 106 + 236. Let n = 14 - 5. Calculate the greatest common factor of m and n.
9
Let m be (5 + 1)/((-14)/(-189)). Calculate the highest common divisor of 18 and m.
9
Suppose y + 2*x = -3*x + 42, -4*y + x = -84. Let c = 58 - y. Let g = 23 - 11. What is the greatest common divisor of c and g?
12
Let f(b) = b**2 + 3*b + 10. Let s be f(-7). Suppose -4*w + 34 = -2*d + d, -d + s = 5*w. What is the greatest common divisor of w and 1?
1
Suppose -6*b + 2893 = -3329. What is the highest common divisor of b and 34?
17
Let b(j) = 52*j**2 - 11*j + 61. Let w be b(3). What is the greatest common factor of 124 and w?
124
Let q(v) = 2*v**2 - 8*v + 6. Let w be q(5). Suppose 0 = 4*n - 0*n - w. Calculate the greatest common divisor of n and 4.
4
Suppose -698*m + 1700 = -688*m. Calculate the highest common divisor of 70 and m.
10
Let f be (-16)/(((-68)/(-14) - 3) + -2). Suppose -4*w = -2*m - 66, 2*w + m = 3*m + 38. What is the greatest common factor of f and w?
14
Let m(z) = z**2 + z - 1. Let f be m(2). Suppose 2*l = -0*l + 8, -f*x - 3*l + 2 = 0. Let b be -4 - x - 0 - -82. What is the greatest common factor of 8 and b?
8
Let a be -1 + (2 - (2 - 1)). Suppose -10*g + 2*g + 208 = a. Suppose -d = d - 78. What is the greatest common divisor of d and g?
13
Let z = 32 + -32. Suppose 2*j - 55 = -5*o, -3*o + z*o = -5*j + 91. Let q be j/((-6)/3 - -3). Calculate the greatest common factor of 220 and q.
20
Let d = 10 - 10. Suppose d*s + 120 = 3*s. Let r be (s/(-6))/((-7)/42). Calculate the highest common factor of 16 and r.
8
Suppose 353 - 2978 = -25*i. What is the highest common divisor of 357 and i?
21
Suppose 4*r = 3*a + 41, -4*a + 0*a = 2*r - 4. Suppose 0 = -2*l + r, -3*l = -4*t + 14 + 2. Calculate the highest common factor of t and 56.
7
Let y(z) = -4*z**2 - 54*z - 24. Let l be y(-8). What is the highest common divisor of l and 76?
76
Let z(y) = 363*y. Let r(k) = -14*k. Let w(i) = -77*r(i) - 3*z(i). Let g be w(-12). What is the highest common divisor of 33 and g?
33
Let j be (-44)/36 + (-4)/(-18). Let o = j - -5. Suppose -4*k - 35 = -4*s - 11, o*k = 0. What is the greatest common factor of 18 and s?
6
Let b(m) = 0*m**2 - 6 - 5 - 11*m - m**2. Let f = -181 - -173. Let n be b(f). What is the greatest common divisor of n and 130?
13
Let r(m) = -m**2 + 6*m + 9. Let o be r(6). Suppose -4 + 0 = -4*w. Calculate the highest common factor of o and w.
1
Let s = -20 - -16. Let y(a) = -4*a - 6. Let l be y(s). Let f(k) = k**3 - 11*k**2 + 11*k. Let i be f(l). What is the highest common factor of 10 and i?
10
Let c(y) = -y**3 - 12*y**2 + 264*y - 8. Let k be c(-24). Calculate the highest common divisor of k and 142.
142
Let l = 2148 + -2052. Calculate the highest common factor of l and 2256.
48
Suppose 0 = -7*h + 9*h - 58. Suppose 0 = -j - 2*o - 8, 2*j - 2*o - h = 3*o. What is the greatest common factor of j and 16?
2
Suppose l + 13 = -2*c, 29 = -4*l + 9. Let y be 2*1/c + 76/8. What is the greatest common divisor of 72 and y?
9
Let j(k) = k**3 - 4*k**2 - 4*k + 14. Let u be j(5). Let w(c) = -c**2 + 21*c - 8. Let p be w(u). Calculate the highest common factor of p and 270.
30
Suppose -2*s = 4*b - 6*s - 28, 0 = -3*b + 4*s + 21. Let h be (-6)/27 + (-55)/(-45). What is the greatest common divisor of h and b?
1
Suppose 336 = -70*j + 76*j. Suppose 5*m - 2 - 3 = 0. Suppose 2*x - 17 = -m. What is the greatest common divisor of j and x?
8
Suppose -4*l = -l + 57. Let j = l + 55. Calculate the highest common divisor of j and 54.
18
Suppose 0 = -7*m - 14*m + 1008. What is the highest common factor of 54 and m?
6
Let c be 2 - (2 + -2*14). Suppose -4*g + 38 = 3*q, -g - 5*q + 9 = -9. What is the greatest common factor of g and c?
4
Let y(d) = -3*d**2 + 4*d + 6*d**2 - 7*d + 0*d + 4. Let r be y(7). What is the greatest common factor of 10 and r?
10
Suppose 0 = v + 3*v + 5*q - 156, 78 = 2*v - 2*q. Suppose 0 = -r + 6*n - 2*n + 14, 0 = r - 3*n - 17. What is the greatest common factor of r and v?
13
Suppose -4 = 15*q - 4. Suppose q*h - 5 = -h. Suppose -59 = -2*n + 21. What is the greatest common divisor of h and n?
5
Let q(h) = h**2 - 4*h + 24. Let w be q(3). Let z(a) = 2*a + 8. Let c be z(6). Let g be (c - -1)/((-1)/(-9)). Calculate the greatest common factor of g and w.
21
Suppose 5*v - 2*v - 26 = -q, 0 = -q - 1. Let x be ((-11)/(-2))/(1/18). What is the greatest common factor of v and x?
9
Let p(z) = -z**3 - 6*z**2 + 9*z - 2. Suppose -w + 16 = -3*w. Let c be p(w). Let j be 3/6*-2 + 7. What is the greatest common factor of c and j?
6
Let h(g) = g + 92. Let q be h(10). Calculate the greatest common divisor of 30 and q.
6
Let w be 6 + (4 - 7) + 193. Suppose 8 = 4*j, -5*o + 8 + w = -3*j. What is the highest common divisor of o and 42?
42
Let i be (1 - -2)*(21 - 0). Suppose 2*a - n - 2*n - i = 0, -2*n - 6 = 0. Calculate the greatest common factor of a and 9.
9
Let l(z) = -z + 21. Let j be l(14). What is the greatest common factor of 35 and j?
7
Let i(q) = -17*q - 65. Let j be i(-7). What is the greatest common factor of 234 and j?
18
Let f(c) = 3*c**2 - 4*c - 15. Let q be f(-12). Calculate the greatest common divisor of 15 and q.
15
Let j be (-31)/3 + 15/45. Let c be (-18)/j*(18 + -3). What is the greatest common divisor of c and 9?
9
Suppose -4*m = -0*m - 12. Let r = -5 - -8. Suppose 3*q = m + r. What is the greatest common factor of 22 and q?
2
Suppose 0 = -3*k - 10*k + 13. Calculate the highest common divisor of 13 and k.
1
Suppose -57 = -5*o - s, 3*o + 22*s - 27*s = 51. Let q be 97 + (-2)/2 + 0. What is the greatest common factor of q and o?
12
Let z be (-2 - -80*1) + 6. What is the highest common factor of 140 and z?
28
Suppose 4*t + 2*l = 6724, 2*t + 309*l = 311*l + 3356. Calculate the highest common factor of 35 and t.
35
Suppose -c - 2*w + 52 = 0, -c = -6*c - 3*w + 267. What is the highest common factor of 12 and c?
6
Let x = 120 - 55. What is the greatest common factor of 39 and x?
13
Suppose 0*x = x - 2*p - 5, 3*p = x - 4. What is the highest common factor of 63 and x?
7
Suppose -n - 2*n = 6. Let v be 2856/35 - n/((-20)/6). Suppose 30 + 24 = 2*z. Calculate the highest common factor of z and v.
27
Let g be 138/644 - 7725/(-14). Calculate the highest common divisor of 32 and g.
8
Suppose -3*a = 3*p - 29 + 5, -2*a = -2*p + 4. Suppose 2*n - t - 39 = -2*t, -p*n = t - 99. Calculate the highest common factor of n and 70.
10
Suppose 0 = -a - 0*a + 24. Suppose 3*b - 36 = 3*x, 2*b - 4*x - 4 = 20. Calculate the highest common factor of a and b.
12
Suppose -d = w - 5*d - 547, -2*w = -d - 1108. What is the greatest common factor of w and 222?
111
Let y(z) = -z**2 + 14*z - 15. Suppose -52 = -11*f + 7*f. Let p be y(f). Let l be p/4*0 - -184. Calculate the highest common factor of 23 and l.
23
Suppose 4*q + 17*g = 18*g + 28, 2*q - 14 = -4*g. Let k be 0 + (2 + 1 - -4). What is the greatest common divisor of k and q?
7
Let z be 5*1 - (-2)/1. Let i be 7/((-8)/(-44) - (-18)/22). What is the greatest common divisor of z and i?
7
Let q(f) = 73*f + 544. Let s be q(-7). What is the greatest common factor of 616 and s?
11
Suppose 0 = -54*p + 34*p + 420. Calculate the greatest common factor of p and 30.
3
Let w = 22 + -15. Let m(h) = -h**2 + 14*h - 9. Let p be m(w). Suppose 0 = l + 3*l - p. What is the highest common factor of 15 and l?
5
Let r = -4 - -3. Let h = 94 - r. Suppose 4*n = 4*s + 68, 13*n - 9*n - 2*s = 72. What is the greatest common divisor of h and n?
19
Suppose 3*f = 1 + 20. Suppose 8 = -t + 45*p - 40*p, 4 = 5*t - 3*p. Let c = f + t. Calculate the highest common divisor of c and 81.
9
Let r(i) = i**2 + 2*i + 6. Let f be r(-7). Suppose -5*a - f = -3*o, -a + 2*a = -4. Suppose 2*n + 5 = o*n. Calculate the highest common factor of n and 9.
1
Let i(g) = g**3 - g**2 - 8*g - 5. Let q be i(4). What is the greatest common factor of 